by 92671?
8
Calculate the remainder when 324770 is divided by 45988.
2854
Calculate the remainder when 1474456 is divided by 535.
531
Calculate the remainder when 42284014 is divided by 72.
70
Calculate the remainder when 450062 is divided by 9376.
14
What is the remainder when 78668061 is divided by 15?
6
Calculate the remainder when 4395597 is divided by 2160.
2157
Calculate the remainder when 1902947 is divided by 21.
11
What is the remainder when 225898 is divided by 5356?
946
What is the remainder when 315744 is divided by 24286?
26
What is the remainder when 523006 is divided by 117?
16
Calculate the remainder when 16424135 is divided by 5088.
71
What is the remainder when 11621795 is divided by 786?
785
Calculate the remainder when 380102 is divided by 1654.
1336
What is the remainder when 482554 is divided by 673?
13
Calculate the remainder when 100536 is divided by 32541.
2913
What is the remainder when 255510 is divided by 2281?
38
Calculate the remainder when 698270566 is divided by 31.
30
What is the remainder when 1006110 is divided by 3430?
1120
Calculate the remainder when 42122 is divided by 41563.
559
What is the remainder when 4589240 is divided by 1529640?
320
Calculate the remainder when 30600 is divided by 15062.
476
What is the remainder when 43587 is divided by 483?
117
What is the remainder when 1587669 is divided by 46696?
5
What is the remainder when 4158171 is divided by 2078939?
293
What is the remainder when 206910 is divided by 3048?
2694
What is the remainder when 9101800 is divided by 189?
127
What is the remainder when 107286 is divided by 13410?
6
Calculate the remainder when 166506 is divided by 55222.
840
Calculate the remainder when 420571 is divided by 9854.
6703
Calculate the remainder when 1241405 is divided by 34.
31
Calculate the remainder when 71147 is divided by 5458.
193
What is the remainder when 4001398 is divided by 1333795?
13
Calculate the remainder when 1069313 is divided by 713.
526
What is the remainder when 1475020 is divided by 77607?
487
What is the remainder when 70097 is divided by 5838?
41
What is the remainder when 613036 is divided by 46738?
5442
Calculate the remainder when 45495 is divided by 1310.
955
Calculate the remainder when 4279772 is divided by 1019.
991
What is the remainder when 1171415 is divided by 359?
357
Calculate the remainder when 353771 is divided by 117493.
1292
What is the remainder when 52797 is divided by 2401?
2376
Calculate the remainder when 305428 is divided by 101761.
145
What is the remainder when 11533991 is divided by 2589?
2585
What is the remainder when 311294 is divided by 1041?
35
Calculate the remainder when 1064512 is divided by 127.
125
Calculate the remainder when 129725874 is divided by 47.
46
What is the remainder when 1561167 is divided by 630?
27
What is the remainder when 121842 is divided by 3583?
20
What is the remainder when 9928446 is divided by 92?
82
Calculate the remainder when 76637 is divided by 12730.
257
What is the remainder when 3317760 is divided by 38?
18
What is the remainder when 1305044 is divided by 163109?
172
Calculate the remainder when 4542535 is divided by 12.
7
Calculate the remainder when 284816 is divided by 9.
2
What is the remainder when 88340 is divided by 88264?
76
Calculate the remainder when 177034 is divided by 344.
218
What is the remainder when 1947910 is divided by 284?
238
Calculate the remainder when 17373 is divided by 347.
23
Calculate the remainder when 370772 is divided by 2181.
2
Calculate the remainder when 55972 is divided by 6202.
154
What is the remainder when 3775964 is divided by 169?
166
What is the remainder when 483745 is divided by 695?
25
Calculate the remainder when 6718815 is divided by 671874.
75
Calculate the remainder when 46344411 is divided by 46344402.
9
Calculate the remainder when 56920664 is divided by 395.
374
Calculate the remainder when 4091953 is divided by 2045365.
1223
Calculate the remainder when 51353603 is divided by 1290.
1283
What is the remainder when 1629764 is divided by 186?
32
What is the remainder when 1491244 is divided by 176?
172
What is the remainder when 1283819 is divided by 1003?
982
Calculate the remainder when 36648 is divided by 12096.
360
What is the remainder when 901554 is divided by 3988?
266
Calculate the remainder when 5064430 is divided by 419.
396
What is the remainder when 232432 is divided by 388?
20
What is the remainder when 14243868 is divided by 14243843?
25
Calculate the remainder when 718219 is divided by 1582.
1573
What is the remainder when 2975112 is divided by 80408?
16
What is the remainder when 6381956 is divided by 7473?
14
Calculate the remainder when 25671809 is divided by 12835893.
23
Calculate the remainder when 12494267 is divided by 24.
11
What is the remainder when 49111529 is divided by 39?
38
What is the remainder when 349109 is divided by 174551?
7
What is the remainder when 5086683 is divided by 33684?
399
Calculate the remainder when 4688513 is divided by 123.
122
What is the remainder when 413124 is divided by 260?
244
Calculate the remainder when 4505 is divided by 2221.
63
What is the remainder when 2192964 is divided by 65?
59
Calculate the remainder when 36762 is divided by 1826.
242
Calculate the remainder when 18272188 is divided by 367.
359
What is the remainder when 428880 is divided by 35696?
528
What is the remainder when 22270 is divided by 2525?
2070
What is the remainder when 1570807816 is divided by 2108?
2104
What is the remainder when 150734002 is divided by 1509?
1501
Calculate the remainder when 349510 is divided by 1611.
1534
What is the remainder when 94390930 is divided by 31463640?
10
Calculate the remainder when 1369631 is divided by 3913.
81
What is the remainder when 1832777 is divided by 2291?
2268
Calculate the remainder when 60806 is divided by 111.
89
Calculate the remainder when 2223253 is divided by 309.
307
Calculate the remainder when 3543993 is divided by 2045.
8
What is the remainder when 62419 is divided by 30641?
1137
What is the remainder when 13300278 is divided by 4433415?
33
Calculate the remainder when 14794287 is divided by 3.
0
What is the remainder when 69198 is divided by 874?
152
What is the remainder when 2231306 is divided by 1?
0
Calculate the remainder when 3394654 is divided by 1855.
4
Calculate the remainder when 514834 is divided by 294.
40
What is the remainder when 39390 is divided by 17724?
3942
Calculate the remainder when 17786 is divided by 17073.
713
What is the remainder when 356867 is divided by 118122?
2501
What is the remainder when 10374910 is divided by 2052?
2050
What is the remainder when 73419108 is divided by 24787?
14
What is the remainder when 12303502 is divided by 210?
22
What is the remainder when 2871254 is divided by 1850?
54
What is the remainder when 21541259 is divided by 780?
779
Calculate the remainder when 250794 is divided by 428.
414
What is the remainder when 110177 is divided by 680?
17
What is the remainder when 220595871 is divided by 7?
6
Calculate the remainder when 347368 is divided by 1116.
292
What is the remainder when 509670791 is divided by 118?
117
What is the remainder when 248043 is divided by 447?
405
What is the remainder when 33799 is divided by 1297?
77
Calculate the remainder when 5645564 is divided by 144758.
2
Calculate the remainder when 7540465 is divided by 3770228.
9
Calculate the remainder when 35483 is divided by 8707.
655
Calculate the remainder when 116480 is divided by 6130.
10
What is the remainder when 478439 is divided by 2322?
107
Calculate the remainder when 86738686 is divided by 598.
580
What is the remainder when 1090376 is divided by 27029?
9216
Calculate the remainder when 3877241 is divided by 39.
17
Calculate the remainder when 1628482 is divided by 11.
9
What is the remainder when 80946 is divided by 67?
10
Calculate the remainder when 52083 is divided by 25908.
267
Calculate the remainder when 2676 is divided by 102.
24
Calculate the remainder when 9769953 is divided by 9769906.
47
Calculate the remainder when 8160355 is divided by 2035.
5
What is the remainder when 10740845 is divided by 8648?
29
What is the remainder when 3917060 is divided by 27?
8
Calculate the remainder when